what is 4 + -31?
-2c
In base 2, what is -110 + -11011100?
-11100010
In base 3, what is 12 - -212110?
212122
In base 5, what is -4 + -344?
-403
In base 7, what is -113005 - 2?
-113010
In base 7, what is 1 + -1001?
-1000
In base 14, what is 4 - 14b?
-147
In base 13, what is -2a - -a?
-20
In base 5, what is 13 - -142?
210
In base 5, what is 104 - 4?
100
In base 8, what is -120 + 71?
-27
In base 16, what is 58c - 1?
58b
In base 13, what is -4 - -57?
53
In base 5, what is 1124 + -2?
1122
In base 9, what is 4 - -13?
17
In base 3, what is 1 - 2112?
-2111
In base 16, what is -b0 + 17?
-99
In base 3, what is 12 - 12112010?
-12111221
In base 8, what is -1512 - 0?
-1512
In base 9, what is 4 - -112?
116
In base 6, what is 211 + -22?
145
In base 5, what is -21 + 2?
-14
In base 6, what is -54 + 2?
-52
In base 7, what is -202 - -13?
-156
In base 5, what is -102004 + 20?
-101434
In base 15, what is -4 - e?
-13
In base 4, what is -1320 - 311?
-2231
In base 13, what is 8 - -2?
a
In base 12, what is 799 + -3?
796
In base 7, what is -64 - -30?
-34
In base 11, what is -2a - -28?
-2
In base 3, what is -111210000 - -12?
-111202211
In base 4, what is -111 - -232?
121
In base 7, what is 66 + 4?
103
In base 2, what is -10000000000 - -101?
-1111111011
In base 11, what is -2 + 10?
9
In base 4, what is 132223 + 11?
132300
In base 12, what is a + 22?
30
In base 11, what is -87 + 2?
-85
In base 12, what is -12146 - -4?
-12142
In base 4, what is -1020 + 1?
-1013
In base 7, what is 13 - -14?
30
In base 13, what is b - b?
0
In base 11, what is -20a31 + -4?
-20a35
In base 10, what is -423 + -5?
-428
In base 6, what is -1402 - -4?
-1354
In base 13, what is -3 - 79?
-7c
In base 13, what is 2 + 58?
5a
In base 16, what is -1 - 39d?
-39e
In base 12, what is 194 + 9?
1a1
In base 15, what is 33 + 85?
b8
In base 11, what is 4549 + 3?
4551
In base 3, what is -212 - -211?
-1
In base 6, what is 2 + 224?
230
In base 12, what is 6 - -a?
14
In base 14, what is 64 - -39?
9d
In base 11, what is -9 + -7a5?
-803
In base 3, what is -21000 - 10121?
-101121
In base 14, what is -2 - -637?
635
In base 3, what is 220 - 1011222?
-1011002
In base 14, what is -7 + -42?
-49
In base 4, what is 30 + 120323?
121013
In base 9, what is -6 - 3822?
-3828
In base 12, what is -636 + 14?
-622
In base 6, what is -133053 - 4?
-133101
In base 4, what is 3 + 33210?
33213
In base 15, what is -2 + -9?
-b
In base 8, what is -2 - -400?
376
In base 5, what is 23314 - 3?
23311
In base 16, what is -2 - 40?
-42
In base 5, what is 10 + 11?
21
In base 5, what is 21 + 4?
30
In base 10, what is -4 - -623?
619
In base 13, what is 0 - -31?
31
In base 3, what is 1101002 - 2?
1101000
In base 5, what is 0 + 12001?
12001
In base 6, what is 14202 - -2?
14204
In base 4, what is -1120233 - 10?
-1120303
In base 7, what is 105 + -506?
-401
In base 14, what is -b + a?
-1
In base 8, what is 6 + -152?
-144
In base 9, what is 6 + -181?
-174
In base 10, what is -38 + -467?
-505
In base 3, what is 111210100 + -11?
111210012
In base 2, what is -100 - -1000001?
111101
In base 4, what is -11 - -1012311?
1012300
In base 2, what is 10 + -100011000?
-100010110
In base 5, what is -23 + 431?
403
In base 7, what is 4 + 5?
12
In base 14, what is 2 - 20?
-1c
In base 12, what is -1 - -b?
a
In base 15, what is -d0 + -6?
-d6
In base 16, what is -2 - 18?
-1a
In base 8, what is -13 - -11?
-2
In base 15, what is -1a07 + -3?
-1a0a
In base 6, what is 1 + 44312?
44313
In base 12, what is -222 + 2?
-220
In base 12, what is -20 - 0?
-20
In base 7, what is -1161 + 4?
-1154
In base 3, what is -12 - -200220?
200201
In base 3, what is -1012 - -110?
-202
In base 6, what is -122 + 120?
-2
In base 14, what is 2 + -a5?
-a3
In base 13, what is -3 + 541?
53b
In base 16, what is 20 + -9c?
-7c
In base 6, what is -4 - -302?
254
In base 16, what is -31 + -a2?
-d3
In base 7, what is -25 - -22?
-3
In base 11, what is -16 + 1?
-15
In base 7, what is -603 - -1?
-602
In base 10, what is 3 + 1076?
1079
In base 11, what is 1 - 111?
-110
In base 4, what is -10 + -102212?
-102222
In base 6, what is 0 + -1502?
-1502
In base 6, what is 153 - 1?
152
In base 8, what is 0 - -14?
14
In base 10, what is 11 - 310?
-299
In base 12, what is -1 + -616?
-617
In base 12, what is -32 - -66?
34
In base 10, what is 1 - 4340?
-4339
In base 13, what is -1a + -16?
-33
In base 11, what is -5 - -51?
47
In base 9, what is 1 - -312?
313
In base 7, what is 5 + -1312?
-1304
In base 3, what is -1111 + -1112?
-10000
In base 12, what is 11 + -a?
3
In base 5, what is -103 + 1022?
414
In base 13, what is 2 + -b7?
-b5
In base 16, what is -10 - -1?
-f
In base 2, what is -1100100 + 111?
-1011101
In base 8, what is 12041 - 5?
12034
In base 2, what is 101 + 11001?
11110
In base 4, what is 0 + -123?
-123
In base 15, what is -1ea + 3?
-1e7
In base 15, what is 83 - -5?
88
In base 10, what is -5 + -141?
-146
In base 16, what is 19 - -9?
22
In base 11, what is 6598 - 5?
6593
In base 4, what is -3 - -1001?
332
In base 11, what is 41 - -101?
142
In base 13, what is -4 + 2ca?
2c6
In base 14, what is -18 - -22?
8
In base 7, what is 222 + 1?
223
In base 16, what is 0 + -33?
-33
In base 9, what is -5 + 1520?
1514
In base 7, what is 41 + 3?
44
In base 10, what is -7 + 71?
64
In base 7, what is 52 - -11?
63
In base 3, what is -210000 + 10?
-202220
In base 8, what is -5 - -271?
264
In base 6, what is 2033 + -2?
2031
In base 4, what is 133 - -223?
1022
In base 2, what is -100011011 - -1?
-100011010
In base 12, what is -18 - 1a?
-36
In base 16, what is 17 + 1d?
34
In base 8, what is 5 - -33?
40
In base 2, what is 1011000111000 + 11?
1011000111011
In base 16, what is -24 - -8e?
6a
In base 7, what is 65 - 43?
22
In base 16, what is -79 + 3?
-76
In base 3, what is -11 + -222111?
-222122
In base 3, what is -11 + -100022120?
-100022201
In base 14, what is 365 + 0?
365
In base 5, what is 10 + -12013?
-12003
In base 6, what is 1002 + 130?
1132
In base 16, what is 6 - -80?
86
In base 2, what is 100 - -1010110001?
1010110101
In base 14, what is -644 - -5?
-63d
In base 6, what is 555 + 41?
1040
In base 6, what is 3 + 155?
202
In base 13, what is -255 - 4?
-259
In base 5, what is 0 - 110?
-110
In base 12, what is -17bb + 6?
-17b5
In base 10, what is 47 - 1?
46
In base 11, what is 43 + -3?
40
In base 12, what is 92b - 0?
92b
In base 14, what is 11 + 9?
1a
In base 7, what is -6 + -1216?
-1225
In base 7, what is 5 + -5022?
-5014
In base 9, what is 46 + -1?
45
In base 5, what is -100204 - -2?
-100202
In base 5, what is -4 + -1202?
-1211
In base 7, what is 3131 + -14?
3114
In base 16, what is 3 - -1728?
172b
In base 5, what is -3 + 124210?
124202
In base 11, what is -3 + 155?
152
In base 14, what is -16 + -11?
-27
In base 15, what is -c + 221?
214
In base 6, what is 0 + -52?
-52
In base 9, what is 7747 + 3?
7751
In base 13, what is -15b - 4?
-162
In base 2, what is -10 + -10011011000?
-10011011010
In base 15, what is 16 + 10?
26
In base 5, what is 0 - 130?
-130
In base 2, what is 100 - 111110?
-111010
In base 15, what is 12 + -5?
c
In base 13, what is 7b2 + -4?
7ab
In base 14, what is 15 - 2?
13
In base 5, what is -34 - -13330?
13241
In base 5, what is -3 - -44?
41
In base 15, what is 58c + -4?
588
In base 11, what is 3 + -458?
-455
In base 7, what is -5 - -5603?
5565
In base 6, what is 334315 + 1?
334320
In base 4, what is 1123 + 20?
1203
In base 16, what is -1209 - -1?
-1208
In base 15, what is 8 - -25?
2d
In base 10, what is -10 - 462?
-472
In base 2, what is -11000 + -1001?
-100001
In base 7, what is -226 + 513?
254
In base 5, what is -4 + -21?
-30
In base 4, what is 10 + -13?
-3
In base 13, what is 5 - -2b?
33
In base 7, what is 1 - 405?
-404
In base 16, what is 25 + -2?
23
In base 6, what is -210 - 4?
-214
In base 3, what is 11 - -1110220?
1111001
In base 3, what is -11 - 1201?
-1212
In base 2, what is 10010100 - 1?
10010011
In base 3, what is 1210010101 - 12?
1210010012
In base 2, what is -111001 + -101011?
-1100100
In base 14, what is -264 + -3?
-267
In base 13, what is -31 - 115?
-146
In base 3, what is 2222211 - -1?
2222212
In base 2, what is -100000100 - -10?
-100000010
In base 4, what is -10 + 131?
121
In base 3, what is -2 + -2?
-11
In base 5, what is 3 - -223?
231
In base 12, what is 386 + 5?
38b
In base 5, what is -13 - 20?
-33
In base 1